69549
List the prime factors of 1861513.
43, 43291
What are the prime factors of 58164?
2, 3, 37, 131
List the prime factors of 1575631.
1575631
What are the prime factors of 10388486?
2, 347, 14969
What are the prime factors of 1998142?
2, 83, 12037
List the prime factors of 4775505.
3, 5, 7, 45481
List the prime factors of 8770416.
2, 3, 89, 2053
What are the prime factors of 1217015?
5, 243403
List the prime factors of 2217572.
2, 7, 29, 2731
List the prime factors of 3922598.
2, 29, 67631
List the prime factors of 2346011.
199, 11789
What are the prime factors of 10396784?
2, 649799
List the prime factors of 3764406.
2, 3, 727, 863
List the prime factors of 256997.
13, 53, 373
What are the prime factors of 3300536?
2, 412567
What are the prime factors of 18193063?
7, 29, 31, 59
List the prime factors of 612558.
2, 3, 34031
List the prime factors of 766188.
2, 3, 21283
What are the prime factors of 534072?
2, 3, 7, 11, 17
List the prime factors of 6579.
3, 17, 43
What are the prime factors of 54524?
2, 43, 317
List the prime factors of 144079.
13, 11083
What are the prime factors of 63184?
2, 11, 359
What are the prime factors of 2266792?
2, 11, 25759
List the prime factors of 5482869.
3, 7, 261089
What are the prime factors of 233113?
233113
What are the prime factors of 172314?
2, 3, 3191
List the prime factors of 154706.
2, 103, 751
What are the prime factors of 3874895?
5, 17, 45587
List the prime factors of 1989955.
5, 11, 97, 373
List the prime factors of 20399806.
2, 7, 19, 53, 1447
What are the prime factors of 261264?
2, 3, 5443
What are the prime factors of 49066?
2, 24533
List the prime factors of 2322113.
2322113
List the prime factors of 188550.
2, 3, 5, 419
List the prime factors of 5668898.
2, 2834449
List the prime factors of 229062.
2, 3, 38177
What are the prime factors of 1613949?
3, 283, 1901
List the prime factors of 530479.
127, 4177
List the prime factors of 402786.
2, 3, 7459
What are the prime factors of 19862874?
2, 3, 367831
What are the prime factors of 1215010?
2, 5, 121501
What are the prime factors of 1898022?
2, 3, 7, 45191
What are the prime factors of 143098?
2, 71549
What are the prime factors of 198264?
2, 3, 11, 751
List the prime factors of 5337742.
2, 173, 15427
What are the prime factors of 1083386?
2, 541693
List the prime factors of 566477.
661, 857
List the prime factors of 141454.
2, 107, 661
What are the prime factors of 587082?
2, 3, 97847
What are the prime factors of 4713022?
2, 23, 29, 3533
List the prime factors of 185603.
11, 47, 359
List the prime factors of 25309.
25309
List the prime factors of 7822040.
2, 5, 17, 11503
What are the prime factors of 27865698?
2, 3, 7, 101, 6569
List the prime factors of 174452.
2, 43613
List the prime factors of 300734.
2, 7, 21481
What are the prime factors of 274876?
2, 7, 9817
What are the prime factors of 10013241?
3, 7, 101, 4721
What are the prime factors of 29246223?
3, 9748741
List the prime factors of 725538.
2, 3, 11, 10993
What are the prime factors of 10357159?
911, 11369
List the prime factors of 126545.
5, 25309
What are the prime factors of 1455176?
2, 59, 3083
What are the prime factors of 4371943?
4371943
What are the prime factors of 2069026?
2, 1034513
What are the prime factors of 1893242?
2, 13, 72817
List the prime factors of 228059.
13, 53, 331
What are the prime factors of 6667926?
2, 3, 941, 1181
List the prime factors of 10846416.
2, 3, 7, 19, 1699
What are the prime factors of 391747?
31, 12637
List the prime factors of 204184.
2, 25523
What are the prime factors of 5559365?
5, 7, 193, 823
List the prime factors of 13850.
2, 5, 277
What are the prime factors of 54969?
3, 73, 251
List the prime factors of 1269639.
3, 7, 2879
List the prime factors of 999028.
2, 23, 10859
What are the prime factors of 134917?
134917
List the prime factors of 2006066.
2, 37, 27109
List the prime factors of 250417.
71, 3527
What are the prime factors of 9856765?
5, 23, 85711
List the prime factors of 1023647.
41, 24967
List the prime factors of 9965375.
5, 7, 1627
List the prime factors of 341068.
2, 7, 13, 937
What are the prime factors of 12859708?
2, 53, 60659
List the prime factors of 516426.
2, 3, 17, 61, 83
List the prime factors of 406413.
3, 7, 6451
List the prime factors of 24595213.
479, 51347
What are the prime factors of 10129275?
3, 5, 13, 3463
List the prime factors of 89701.
271, 331
List the prime factors of 1122361.
233, 4817
What are the prime factors of 2352122?
2, 1176061
List the prime factors of 5781803.
5781803
List the prime factors of 54433.
29, 1877
List the prime factors of 83443.
83443
What are the prime factors of 2746813?
2746813
List the prime factors of 10963347.
3, 61, 139, 431
What are the prime factors of 81520?
2, 5, 1019
List the prime factors of 144155.
5, 11, 2621
What are the prime factors of 4783257?
3, 233, 2281
What are the prime factors of 324668?
2, 23, 3529
List the prime factors of 502.
2, 251
List the prime factors of 794585.
5, 11, 14447
What are the prime factors of 9879?
3, 37, 89
What are the prime factors of 14069681?
14069681
What are the prime factors of 14772396?
2, 3, 499, 2467
What are the prime factors of 83763?
3, 41, 227
List the prime factors of 3987754.
2, 1993877
What are the prime factors of 134467?
47, 2861
List the prime factors of 4444363.
7, 11, 57719
What are the prime factors of 162607?
113, 1439
What are the prime factors of 16962430?
2, 5, 17, 113, 883
List the prime factors of 1914131.
1914131
List the prime factors of 7374737.
563, 13099
What are the prime factors of 174376?
2, 71, 307
List the prime factors of 3185312.
2, 13, 19, 31
List the prime factors of 2244402.
2, 3, 89, 467
List the prime factors of 339064.
2, 11, 3853
What are the prime factors of 823727?
823727
What are the prime factors of 508672?
2, 1987
What are the prime factors of 243332?
2, 127, 479
List the prime factors of 6860989.
6860989
What are the prime factors of 2304762?
2, 3, 281, 1367
List the prime factors of 183605.
5, 36721
List the prime factors of 1053290.
2, 5, 7, 41, 367
List the prime factors of 228650.
2, 5, 17, 269
What are the prime factors of 428422?
2, 214211
List the prime factors of 2314344.
2, 3, 96431
List the prime factors of 269496.
2, 3, 19, 197
List the prime factors of 286090.
2, 5, 7, 61, 67
What are the prime factors of 194018?
2, 11, 8819
What are the prime factors of 2031913?
13, 149, 1049
What are the prime factors of 301753?
301753
What are the prime factors of 171521?
7, 107, 229
List the prime factors of 12116249.
311, 38959
List the prime factors of 1927263.
3, 13, 49417
What are the prime factors of 791208?
2, 3, 11, 37
What are the prime factors of 956504?
2, 119563
List the prime factors of 17646323.
17, 1038019
What are the prime factors of 447310?
2, 5, 41, 1091
List the prime factors of 72689.
72689
List the prime factors of 239496.
2, 3, 17, 587
List the prime factors of 8476521.
3, 251, 11257
What are the prime factors of 12116066?
2, 6058033
What are the prime factors of 3425766?
2, 3, 570961
What are the prime factors of 8582974?
2, 241, 17807
List the prime factors of 1062341.
7, 47, 3229
What are the prime factors of 17320862?
2, 13, 666187
What are the prime factors of 796485?
3, 5, 29, 1831
What are the prime factors of 1186754?
2, 23, 25799
List the prime factors of 3757769.
59, 63691
What are the prime factors of 29074934?
2, 7, 296683
List the prime factors of 457687.
457687
What are the prime factors of 3008501?
67, 83, 541
List the prime factors of 3882366.
2, 3, 215687
List the prime factors of 9924.
2, 3, 827
What are the prime factors of 2252155?
5, 450431
List the prime factors of 2394962.
2, 929, 1289
List the prime factors of 1724909.
89, 19381
List the prime factors of 20188180.
2, 5, 17, 59377
List the prime factors of 7381582.
2, 13, 21839
What are the prime factors of 286711?
286711
List the prime factors of 292800.
2, 3, 5, 61
What are the prime factors of 1369248?
2, 3, 17, 839
List the prime factors of 17863493.
2707, 6599
What are the prime factors of 166637?
71, 2347
What are the prime factors of 3256533?
3, 7, 51691
What are the prime factors of 78534?
2, 3, 4363
List the prime factors of 961555.
5, 7, 83, 331
What are the prime 